3267.
13267
List the prime factors of 896.
2, 7
List the prime factors of 55677.
3, 67, 277
List the prime factors of 27675.
3, 5, 41
What are the prime factors of 86238?
2, 3, 1597
What are the prime factors of 2298?
2, 3, 383
List the prime factors of 1163.
1163
List the prime factors of 35091.
3, 7, 557
What are the prime factors of 9565?
5, 1913
List the prime factors of 26674.
2, 13337
List the prime factors of 3580.
2, 5, 179
List the prime factors of 43210.
2, 5, 29, 149
What are the prime factors of 1270?
2, 5, 127
What are the prime factors of 2444?
2, 13, 47
List the prime factors of 143595.
3, 5, 3191
List the prime factors of 108875.
5, 13, 67
List the prime factors of 1305.
3, 5, 29
List the prime factors of 52793.
13, 31, 131
List the prime factors of 9012.
2, 3, 751
What are the prime factors of 141519?
3, 7, 23, 293
What are the prime factors of 7356?
2, 3, 613
List the prime factors of 513.
3, 19
What are the prime factors of 6124?
2, 1531
List the prime factors of 715.
5, 11, 13
List the prime factors of 5242.
2, 2621
List the prime factors of 14270.
2, 5, 1427
List the prime factors of 4028.
2, 19, 53
List the prime factors of 90931.
90931
What are the prime factors of 927?
3, 103
List the prime factors of 15437.
43, 359
List the prime factors of 21819.
3, 7, 1039
List the prime factors of 1154.
2, 577
What are the prime factors of 6660?
2, 3, 5, 37
List the prime factors of 1602.
2, 3, 89
What are the prime factors of 1596?
2, 3, 7, 19
List the prime factors of 123523.
101, 1223
What are the prime factors of 15075?
3, 5, 67
List the prime factors of 3693.
3, 1231
What are the prime factors of 9433?
9433
List the prime factors of 3282.
2, 3, 547
What are the prime factors of 709?
709
What are the prime factors of 91?
7, 13
What are the prime factors of 992?
2, 31
What are the prime factors of 10755?
3, 5, 239
What are the prime factors of 1456?
2, 7, 13
List the prime factors of 978.
2, 3, 163
List the prime factors of 55359.
3, 6151
List the prime factors of 14333.
11, 1303
What are the prime factors of 233?
233
List the prime factors of 9088.
2, 71
What are the prime factors of 107?
107
What are the prime factors of 1128?
2, 3, 47
List the prime factors of 18962.
2, 19, 499
List the prime factors of 722.
2, 19
List the prime factors of 3814.
2, 1907
List the prime factors of 9899.
19, 521
What are the prime factors of 7334?
2, 19, 193
What are the prime factors of 3923?
3923
What are the prime factors of 26429?
13, 19, 107
List the prime factors of 15791.
15791
What are the prime factors of 21215?
5, 4243
What are the prime factors of 9098?
2, 4549
List the prime factors of 7316.
2, 31, 59
List the prime factors of 3909.
3, 1303
What are the prime factors of 89992?
2, 7, 1607
What are the prime factors of 11998?
2, 7, 857
List the prime factors of 23612.
2, 5903
What are the prime factors of 2993?
41, 73
What are the prime factors of 6385?
5, 1277
What are the prime factors of 8295?
3, 5, 7, 79
What are the prime factors of 83099?
23, 3613
List the prime factors of 56217.
3, 7, 2677
List the prime factors of 28602.
2, 3, 7, 227
List the prime factors of 20007.
3, 13, 19
What are the prime factors of 6772?
2, 1693
List the prime factors of 6646.
2, 3323
List the prime factors of 86123.
71, 1213
What are the prime factors of 1487?
1487
What are the prime factors of 6411?
3, 2137
What are the prime factors of 336?
2, 3, 7
List the prime factors of 37120.
2, 5, 29
List the prime factors of 63444.
2, 3, 17, 311
What are the prime factors of 7282?
2, 11, 331
List the prime factors of 79701.
3, 31, 857
What are the prime factors of 92944?
2, 37, 157
What are the prime factors of 18229?
18229
List the prime factors of 4709.
17, 277
List the prime factors of 2248.
2, 281
List the prime factors of 8849.
8849
List the prime factors of 385.
5, 7, 11
List the prime factors of 2307.
3, 769
What are the prime factors of 1600?
2, 5
List the prime factors of 27709.
11, 229
What are the prime factors of 2425?
5, 97
List the prime factors of 79558.
2, 39779
What are the prime factors of 45224?
2, 5653
List the prime factors of 209.
11, 19
List the prime factors of 1884.
2, 3, 157
What are the prime factors of 34153?
7, 17, 41
List the prime factors of 4329.
3, 13, 37
List the prime factors of 996.
2, 3, 83
List the prime factors of 1758.
2, 3, 293
List the prime factors of 1780.
2, 5, 89
List the prime factors of 6114.
2, 3, 1019
What are the prime factors of 54899?
13, 41, 103
List the prime factors of 4460.
2, 5, 223
List the prime factors of 2722.
2, 1361
What are the prime factors of 134561?
7, 47, 409
List the prime factors of 19672.
2, 2459
What are the prime factors of 11033?
11, 17, 59
List the prime factors of 107725.
5, 31, 139
What are the prime factors of 205?
5, 41
What are the prime factors of 1362?
2, 3, 227
What are the prime factors of 128278?
2, 31, 2069
What are the prime factors of 3032?
2, 379
List the prime factors of 975.
3, 5, 13
List the prime factors of 1603.
7, 229
What are the prime factors of 7500?
2, 3, 5
What are the prime factors of 21308?
2, 7, 761
What are the prime factors of 32485?
5, 73, 89
List the prime factors of 21284.
2, 17, 313
What are the prime factors of 13191?
3, 4397
What are the prime factors of 3641?
11, 331
List the prime factors of 13267.
13267
What are the prime factors of 143?
11, 13
List the prime factors of 10037.
10037
What are the prime factors of 94910?
2, 5, 9491
What are the prime factors of 694?
2, 347
List the prime factors of 128.
2
What are the prime factors of 10036?
2, 13, 193
What are the prime factors of 1650?
2, 3, 5, 11
What are the prime factors of 5053?
31, 163
What are the prime factors of 44824?
2, 13, 431
What are the prime factors of 719?
719
What are the prime factors of 13795?
5, 31, 89
What are the prime factors of 974?
2, 487
List the prime factors of 197.
197
What are the prime factors of 2871?
3, 11, 29
What are the prime factors of 43984?
2, 2749
What are the prime factors of 22627?
11, 17
What are the prime factors of 4150?
2, 5, 83
What are the prime factors of 29388?
2, 3, 31, 79
List the prime factors of 13059.
3, 1451
List the prime factors of 5561.
67, 83
List the prime factors of 23869.
23869
List the prime factors of 469.
7, 67
What are the prime factors of 628?
2, 157
List the prime factors of 2883.
3, 31
What are the prime factors of 1713?
3, 571
List the prime factors of 1047.
3, 349
What are the prime factors of 6376?
2, 797
List the prime factors of 291.
3, 97
What are the prime factors of 82564?
2, 20641
What are the prime factors of 6476?
2, 1619
What are the prime factors of 17756?
2, 23, 193
List the prime factors of 91718.
2, 11, 379
List the prime factors of 2280.
2, 3, 5, 19
What are the prime factors of 598?
2, 13, 23
List the prime factors of 628.
2, 157
List the prime factors of 216.
2, 3
What are the prime factors of 691?
691
List the prime factors of 1270.
2, 5, 127
List the prime factors of 1183.
7, 13
What are the prime factors of 29933?
37, 809
List the prime factors of 7002.
2, 3, 389
List the prime factors of 59413.
19, 53, 59
List the prime factors of 9311.
9311
List the prime factors of 38512.
2, 29, 83
What are the prime factors of 741?
3, 13, 19
List the prime factors of 42672.
2, 3, 7, 127
What are the prime factors of 7685?
5, 29, 53
What are the prime factors of 29?
29
List the prime factors of 35500.
2, 5, 71
What are the prime factors of 104737?
17, 61, 101
What are the prime factors of 913?
11, 83
What are the prime factors of 63428?
2, 101, 157
What are the prime factors of 71974?
2, 7, 53, 97
What are the prime factors of 5454?
2, 3, 101
List the prime factors of 983.
983
List the prime factors of 3721.
61
List the prime factors of 10458.
2, 3, 7, 83
What are the prime factors of 831?
3, 277
List the prime factors of 2482.
2, 17, 73
List the prime factors of 1024.
2
What are the prime factors of 1349?
19, 71
What are the prime factors of 1494?
2, 3, 83
What are the prime factors of 26444?
2, 11, 601
List the prime factors of 1746.
2, 3, 97
List the prime factors of 2635.
5, 17, 31
List the prime factors of 4915.
5, 983
List the prime factors of 43278.
2, 3, 7213
List the prime factors of 56396.
2, 23, 613
What ar